{"id":27,"date":"2023-11-28T10:53:22","date_gmt":"2023-11-28T10:53:22","guid":{"rendered":"http:\/\/wordpress.kendoclub-hannover.de\/?page_id=27"},"modified":"2025-12-16T13:48:30","modified_gmt":"2025-12-16T13:48:30","slug":"links-und-downloads","status":"publish","type":"page","link":"https:\/\/kendoclub-hannover.de\/?page_id=27","title":{"rendered":"Links und Downloads"},"content":{"rendered":"\n<p><strong>Unsere Dachverb\u00e4nde:<\/strong><\/p>\n\n\n\n<p><a href=\"https:\/\/nkenv.de\" target=\"_blank\" rel=\"noreferrer noopener\">NKenV &#8211; Nieders\u00e4chsischer Kendoverband e.V.<\/a><\/p>\n\n\n\n<p><a href=\"https:\/\/dkenb.de\" target=\"_blank\" rel=\"noreferrer noopener\">DKenB &#8211; Deutscher Kendobund e.V.<\/a><\/p>\n\n\n\n<p><br><\/p>\n\n\n\n<p><strong>Downloads:<\/strong><\/p>\n\n\n\n<p><a href=\"https:\/\/kendoclub-hannover.de\/wp-content\/uploads\/2025\/12\/Satzung.pdf\" target=\"_blank\" rel=\"noreferrer noopener\">Vereinssatzung<\/a><\/p>\n\n\n\n<p><a href=\"https:\/\/kendoclub-hannover.de\/wp-content\/uploads\/2025\/04\/2025-02-16-FGO.pdf\" target=\"_blank\" rel=\"noreferrer noopener\">Finanz- und Geb\u00fchrenordnung (FGO)<\/a><\/p>\n\n\n\n<p><a href=\"https:\/\/kendoclub-hannover.de\/wp-content\/uploads\/2025\/09\/Aufnahmeantrag.pdf\" target=\"_blank\" rel=\"noreferrer noopener\">Aufnahmeantrag<\/a><\/p>\n\n\n\n<p><a href=\"https:\/\/kendoclub-hannover.de\/wp-content\/uploads\/2023\/12\/SEPA-Lastschriftmandat-Stand-08.07.pdf\" target=\"_blank\" rel=\"noreferrer noopener\">Einzugserm\u00e4chtigung (SEPA-Lastschriftmandat)<\/a><\/p>\n\n\n\n<p><a href=\"https:\/\/kendoclub-hannover.de\/wp-content\/uploads\/2024\/05\/Ruestungsmietvertrag.pdf\" target=\"_blank\" rel=\"noreferrer noopener\">R\u00fcstungsmietvertrag<\/a><\/p>\n\n\n\n<p><a href=\"https:\/\/kendoclub-hannover.de\/wp-content\/uploads\/2025\/09\/Zuschussantrag.pdf\" target=\"_blank\" rel=\"noreferrer noopener\">Zuschussantrag<\/a><\/p>\n\n\n\n<p>Datenschutzerkl\u00e4rung (-&gt; in \u00dcberarbeitung)<\/p>\n\n\n\n<p><\/p>\n","protected":false},"excerpt":{"rendered":"<p>Unsere Dachverb\u00e4nde: NKenV &#8211; Nieders\u00e4chsischer Kendoverband e.V. DKenB &#8211; Deutscher Kendobund e.V. Downloads: Vereinssatzung Finanz- und Geb\u00fchrenordnung (FGO) Aufnahmeantrag Einzugserm\u00e4chtigung (SEPA-Lastschriftmandat) R\u00fcstungsmietvertrag Zuschussantrag Datenschutzerkl\u00e4rung (-&gt; in \u00dcberarbeitung)<\/p>\n","protected":false},"author":1,"featured_media":0,"parent":0,"menu_order":0,"comment_status":"closed","ping_status":"closed","template":"","meta":{"footnotes":""},"class_list":["post-27","page","type-page","status-publish","hentry"],"_links":{"self":[{"href":"https:\/\/kendoclub-hannover.de\/index.php?rest_route=\/wp\/v2\/pages\/27","targetHints":{"allow":["GET"]}}],"collection":[{"href":"https:\/\/kendoclub-hannover.de\/index.php?rest_route=\/wp\/v2\/pages"}],"about":[{"href":"https:\/\/kendoclub-hannover.de\/index.php?rest_route=\/wp\/v2\/types\/page"}],"author":[{"embeddable":true,"href":"https:\/\/kendoclub-hannover.de\/index.php?rest_route=\/wp\/v2\/users\/1"}],"replies":[{"embeddable":true,"href":"https:\/\/kendoclub-hannover.de\/index.php?rest_route=%2Fwp%2Fv2%2Fcomments&post=27"}],"version-history":[{"count":18,"href":"https:\/\/kendoclub-hannover.de\/index.php?rest_route=\/wp\/v2\/pages\/27\/revisions"}],"predecessor-version":[{"id":185,"href":"https:\/\/kendoclub-hannover.de\/index.php?rest_route=\/wp\/v2\/pages\/27\/revisions\/185"}],"wp:attachment":[{"href":"https:\/\/kendoclub-hannover.de\/index.php?rest_route=%2Fwp%2Fv2%2Fmedia&parent=27"}],"curies":[{"name":"wp","href":"https:\/\/api.w.org\/{rel}","templated":true}]}}