{"id":31,"date":"2023-11-28T10:54:07","date_gmt":"2023-11-28T10:54:07","guid":{"rendered":"http:\/\/wordpress.kendoclub-hannover.de\/?page_id=31"},"modified":"2026-03-09T10:58:05","modified_gmt":"2026-03-09T10:58:05","slug":"verein-und-vorstand","status":"publish","type":"page","link":"https:\/\/kendoclub-hannover.de\/?page_id=31","title":{"rendered":"Verein und Vorstand"},"content":{"rendered":"\n<p>Der Kendo-Club e.V. existiert in seiner Form seit 1990. Nat\u00fcrlich gibt es Kendo bereits deutlich l\u00e4nger in Hannover.<br>Zur Zeit haben wir ca. 30 Mitglieder verschiedenster Altersstufen (bis \u00fcber 70 Jahre).<\/p>\n\n\n\n<p>Wir trainieren zwei Mal die Woche in Hannover. N\u00e4heres dazu findet sich unter&nbsp;<a href=\"https:\/\/kendoclub-hannover.de\/?page_id=23\" target=\"_blank\" rel=\"noreferrer noopener\">\u201eTraining\u201c<\/a>.<br>Unser Training wird regelm\u00e4\u00dfig von erfahrenen Kendoka und hohen Dantr\u00e4gern begleitet.<\/p>\n\n\n\n<p>Der Verein richtet regelm\u00e4\u00dfig Turniere und Lehrg\u00e4nge aus und auch die Mitglieder sind auf vielen kleinen und gro\u00dfen Veranstaltungen in Deutschland zu finden.<br>Unter Anderem Landes-Meisterschaften, Deutsche Einzel- und Mannschaftsmeisterschaften.<br>Auch wurden bereits zahlreiche vordere Platzierungen bei diversen Landesmeisterschaften bis hin zu den Deutschen Meisterschaften erreicht.<\/p>\n\n\n\n<p>Weiterhin stellt der Verein regelm\u00e4\u00dfig einen Anteil am nieders\u00e4chsischen Landeskader.<\/p>\n\n\n\n<p>Unser Verein ist Mitglied im Stadtsportbund Hannover und seinen eigenen Dachverb\u00e4nden, dem Nieders\u00e4chsischen Kendoverband (NKenV) und dem Deutschen Kendo Bund (DKenB).<\/p>\n\n\n\n<p><br><\/p>\n\n\n\n<p><strong>Gesch\u00e4ftsf\u00fchrender Vorstand:<\/strong><\/p>\n\n\n\n<p>Erste Vorsitzende: Anna Scheid<\/p>\n\n\n\n<p>Zweite Vorsitzende: Sarah Driemeyer<\/p>\n\n\n\n<p>Schatzmeister: Matthias Kitscha<\/p>\n\n\n\n<p><em>Unsere Vorsitzenden erreicht ihr via Mail: vorstand@kendoclub-hannover.de&nbsp;<\/em><\/p>\n\n\n\n<p><em>Unseren Schatzmeister erreicht ihr via Mail: schatzmeister@kendoclub-hannover.de<\/em><\/p>\n\n\n\n<p><br><\/p>\n\n\n\n<p><strong>\u00dcbungsleiter:<\/strong><\/p>\n\n\n\n<p>Detlef Viebranz (Kendo Kyoshi 7. Dan, 5. Dan Iaido)<\/p>\n\n\n\n<p>Ralf Abel (5. Dan Kendo)<\/p>\n\n\n\n<p>Sebastian Both (5. Dan Kendo)<\/p>\n\n\n\n<p>Matthias Kitscha (4. Dan Kendo)<\/p>\n","protected":false},"excerpt":{"rendered":"<p>Der Kendo-Club e.V. existiert in seiner Form seit 1990. Nat\u00fcrlich gibt es Kendo bereits deutlich l\u00e4nger in Hannover.Zur Zeit haben wir ca. 30 Mitglieder verschiedenster Altersstufen (bis \u00fcber 70 Jahre). Wir trainieren zwei Mal die Woche in Hannover. N\u00e4heres dazu findet sich unter&nbsp;\u201eTraining\u201c.Unser Training wird regelm\u00e4\u00dfig von erfahrenen Kendoka und hohen Dantr\u00e4gern begleitet. Der Verein &hellip; <\/p>\n<p class=\"link-more\"><a href=\"https:\/\/kendoclub-hannover.de\/?page_id=31\" class=\"more-link\"><span class=\"screen-reader-text\">\u201eVerein und Vorstand\u201c <\/span>weiterlesen<\/a><\/p>\n","protected":false},"author":1,"featured_media":0,"parent":0,"menu_order":0,"comment_status":"closed","ping_status":"closed","template":"","meta":{"footnotes":""},"class_list":["post-31","page","type-page","status-publish","hentry"],"_links":{"self":[{"href":"https:\/\/kendoclub-hannover.de\/index.php?rest_route=\/wp\/v2\/pages\/31","targetHints":{"allow":["GET"]}}],"collection":[{"href":"https:\/\/kendoclub-hannover.de\/index.php?rest_route=\/wp\/v2\/pages"}],"about":[{"href":"https:\/\/kendoclub-hannover.de\/index.php?rest_route=\/wp\/v2\/types\/page"}],"author":[{"embeddable":true,"href":"https:\/\/kendoclub-hannover.de\/index.php?rest_route=\/wp\/v2\/users\/1"}],"replies":[{"embeddable":true,"href":"https:\/\/kendoclub-hannover.de\/index.php?rest_route=%2Fwp%2Fv2%2Fcomments&post=31"}],"version-history":[{"count":17,"href":"https:\/\/kendoclub-hannover.de\/index.php?rest_route=\/wp\/v2\/pages\/31\/revisions"}],"predecessor-version":[{"id":203,"href":"https:\/\/kendoclub-hannover.de\/index.php?rest_route=\/wp\/v2\/pages\/31\/revisions\/203"}],"wp:attachment":[{"href":"https:\/\/kendoclub-hannover.de\/index.php?rest_route=%2Fwp%2Fv2%2Fmedia&parent=31"}],"curies":[{"name":"wp","href":"https:\/\/api.w.org\/{rel}","templated":true}]}}